{"id":3196,"date":"2026-04-20T15:56:22","date_gmt":"2026-04-20T13:56:22","guid":{"rendered":"https:\/\/nesa.world\/academic\/?post_type=product&#038;p=3196"},"modified":"2026-04-22T13:15:29","modified_gmt":"2026-04-22T11:15:29","slug":"formacion-introductoria-para-profesionales-sanitarios-en-neuromodulacion-no-invasiva-nesa-costarica","status":"publish","type":"product","link":"https:\/\/nesa.world\/academic\/formaciones\/formacion-introductoria-para-profesionales-sanitarios-en-neuromodulacion-no-invasiva-nesa-costarica\/","title":{"rendered":"Formaci\u00f3n introductoria para profesionales sanitarios en Neuromodulaci\u00f3n No Invasiva NESA &#8211; Costa Rica"},"content":{"rendered":"","protected":false},"excerpt":{"rendered":"","protected":false},"featured_media":3197,"comment_status":"open","ping_status":"closed","template":"","meta":{"formato":"Formaciones","estado":"Plazas Disponibles","ponentes":{"item-0":{"nombre_del_ponente":"Mar\u00eda Gonz\u00e1lez Bueso","imagen_del_ponente":"https:\/\/nesa.world\/academic\/wp-content\/uploads\/Maria-Gonzalez.png","cargo_del_ponente":"Fisioterapeuta y Oste\u00f3pata. Msc Suelo P\u00e9lvico. Msc en Neurociencia. Directora Cl\u00ednica Adjunta."},"item-1":{"nombre_del_ponente":"Fabiola Molina","imagen_del_ponente":"https:\/\/nesa.world\/academic\/wp-content\/uploads\/fabiola.png","cargo_del_ponente":"Fisioterapeuta Cl\u00ednica, Msc en Neurociencias. Directora Cl\u00ednica Adjunta NESAWORLD."}},"miniatura_para_calendario":"https:\/\/nesa.world\/academic\/wp-content\/uploads\/cuadrado_academic_maria-fabiola.png","link_a_la_inscripcion":"https:\/\/forms.office.com\/pages\/responsepage.aspx?id=ZmRuhjGY4kuzaLFuhFJvtWWYkAp7CWFMjceEVMg_TA9UMFI4RDNIOUZQVFpNS1ExRVVIU08xMFYwSy4u&amp;route=shorturl","objetivos":"<p>[elementor-template id=\"2568\"]<\/p>\n","descripcion":"<p>[elementor-template id=\"3215\"]<\/p>\n","fecha_inicio":1782432000,"fecha_fin":1782432000,"hora_inicio":"10:00","hora_fin":"16:00","pais":"Costa Rica","ciudad":"Escaz\u00fa","recinto":"Costa Rica Country Club (CRCC)","direccion":"Frente a tanques de AyA, San Jos\u00e9, San Rafael, Escaz\u00fa, 10203, Costa Rica","mes_del_evento":"Junio","svg_idioma":"https:\/\/nesa.world\/academic\/wp-content\/uploads\/costa-rica.webp","persona_de_contacto":{"item-0":{"nombre":"Mar\u00eda P\u00eda Guti\u00e9rrez Lizano","direccion_de_correo":"<a class=\"mailponencia\" href=\"mailto:info@gulizmedical.com\">info@gulizmedical.com <\/a>","telefono":"(+506) 8655-7491"}}},"product_brand":[],"product_cat":[60],"product_tag":[],"etiquetas-de-eventos":[44,61,25],"categorias-de-eventos":[22],"class_list":{"0":"post-3196","1":"product","2":"type-product","3":"status-publish","4":"has-post-thumbnail","6":"product_cat-sin-categorizar","7":"etiquetas-de-eventos-4-horas","8":"etiquetas-de-eventos-gratuito","9":"etiquetas-de-eventos-para-profesionales-sanitarios","10":"categorias-de-eventos-formacion-presencial","12":"first","13":"instock","14":"downloadable","15":"virtual","16":"product-type-simple"},"_links":{"self":[{"href":"https:\/\/nesa.world\/academic\/wp-json\/wp\/v2\/product\/3196","targetHints":{"allow":["GET"]}}],"collection":[{"href":"https:\/\/nesa.world\/academic\/wp-json\/wp\/v2\/product"}],"about":[{"href":"https:\/\/nesa.world\/academic\/wp-json\/wp\/v2\/types\/product"}],"replies":[{"embeddable":true,"href":"https:\/\/nesa.world\/academic\/wp-json\/wp\/v2\/comments?post=3196"}],"wp:featuredmedia":[{"embeddable":true,"href":"https:\/\/nesa.world\/academic\/wp-json\/wp\/v2\/media\/3197"}],"wp:attachment":[{"href":"https:\/\/nesa.world\/academic\/wp-json\/wp\/v2\/media?parent=3196"}],"wp:term":[{"taxonomy":"product_brand","embeddable":true,"href":"https:\/\/nesa.world\/academic\/wp-json\/wp\/v2\/product_brand?post=3196"},{"taxonomy":"product_cat","embeddable":true,"href":"https:\/\/nesa.world\/academic\/wp-json\/wp\/v2\/product_cat?post=3196"},{"taxonomy":"product_tag","embeddable":true,"href":"https:\/\/nesa.world\/academic\/wp-json\/wp\/v2\/product_tag?post=3196"},{"taxonomy":"etiquetas-de-eventos","embeddable":true,"href":"https:\/\/nesa.world\/academic\/wp-json\/wp\/v2\/etiquetas-de-eventos?post=3196"},{"taxonomy":"categorias-de-eventos","embeddable":true,"href":"https:\/\/nesa.world\/academic\/wp-json\/wp\/v2\/categorias-de-eventos?post=3196"}],"curies":[{"name":"wp","href":"https:\/\/api.w.org\/{rel}","templated":true}]}}

Formación introductoria para profesionales sanitarios en Neuromodulación No Invasiva NESA &#8211; Costa Rica

María González Bueso

Fisioterapeuta y Osteópata. Msc Suelo Pélvico. Msc en Neurociencia. Directora Clínica Adjunta.

Fisioterapeuta Clínica, Msc en Neurociencias. Directora Clínica Adjunta NESAWORLD.

Escazú

Frente a tanques de AyA, San José, San Rafael, Escazú, 10203, Costa Rica

María Pía Gutiérrez Lizano
