{"id":3193,"date":"2026-04-20T15:36:07","date_gmt":"2026-04-20T13:36:07","guid":{"rendered":"https:\/\/nesa.world\/academic\/?post_type=product&#038;p=3193"},"modified":"2026-04-22T11:58:14","modified_gmt":"2026-04-22T09:58:14","slug":"formacion-introductoria-para-profesionales-sanitarios-en-neuromodulacion-no-invasiva-nesa-valencia-junio-2026","status":"publish","type":"product","link":"https:\/\/nesa.world\/academic\/formaciones\/formacion-introductoria-para-profesionales-sanitarios-en-neuromodulacion-no-invasiva-nesa-valencia-junio-2026\/","title":{"rendered":"Formaci\u00f3n introductoria para profesionales sanitarios en Neuromodulaci\u00f3n No Invasiva NESA &#8211; Valencia"},"content":{"rendered":"","protected":false},"excerpt":{"rendered":"","protected":false},"featured_media":3194,"comment_status":"open","ping_status":"closed","template":"","meta":{"formato":"Formaciones","estado":"Plazas Disponibles","ponentes":{"item-0":{"nombre_del_ponente":"Mar\u00eda Gonz\u00e1lez Bueso","imagen_del_ponente":"https:\/\/nesa.world\/academic\/wp-content\/uploads\/Maria-Gonzalez.png","cargo_del_ponente":"Fisioterapeuta y Oste\u00f3pata. Msc Suelo P\u00e9lvico. Msc en Neurociencia. Directora Cl\u00ednica Adjunta."}},"miniatura_para_calendario":"https:\/\/nesa.world\/academic\/wp-content\/uploads\/cuadrado_academic_maria.jpg","link_a_la_inscripcion":"https:\/\/forms.office.com\/pages\/responsepage.aspx?id=ZmRuhjGY4kuzaLFuhFJvtWWYkAp7CWFMjceEVMg_TA9UMFI4RDNIOUZQVFpNS1ExRVVIU08xMFYwSy4u&amp;route=shorturl","objetivos":"<p>[elementor-template id=\"2568\"]<\/p>\n","descripcion":"<p>[elementor-template id=\"2570\"]<\/p>\n","fecha_inicio":1780704000,"fecha_fin":1780704000,"hora_inicio":"09:00","hora_fin":"13:00","pais":"Espa\u00f1a","ciudad":"Valencia","recinto":"SEDE EOM VALENCIA","direccion":" Plaza Salvador Allende, 8 \u2013 46019 Valencia","mes_del_evento":"Febrero","svg_idioma":"https:\/\/nesa.world\/academic\/wp-content\/uploads\/Espana-1.svg","persona_de_contacto":{"item-0":{"nombre":"Vicente Sebasti\u00e1n ","direccion_de_correo":"<a class=\"mailponencia\" href=\"mailto:nostrumsport@nesaworld.es\">nostrumsport@nesaworld.es<\/a>","telefono":"+34 645 79 22 09"}}},"product_brand":[],"product_cat":[60],"product_tag":[],"etiquetas-de-eventos":[44,61,25],"categorias-de-eventos":[22],"class_list":{"0":"post-3193","1":"product","2":"type-product","3":"status-publish","4":"has-post-thumbnail","6":"product_cat-sin-categorizar","7":"etiquetas-de-eventos-4-horas","8":"etiquetas-de-eventos-gratuito","9":"etiquetas-de-eventos-para-profesionales-sanitarios","10":"categorias-de-eventos-formacion-presencial","12":"first","13":"instock","14":"downloadable","15":"virtual","16":"product-type-simple"},"_links":{"self":[{"href":"https:\/\/nesa.world\/academic\/wp-json\/wp\/v2\/product\/3193","targetHints":{"allow":["GET"]}}],"collection":[{"href":"https:\/\/nesa.world\/academic\/wp-json\/wp\/v2\/product"}],"about":[{"href":"https:\/\/nesa.world\/academic\/wp-json\/wp\/v2\/types\/product"}],"replies":[{"embeddable":true,"href":"https:\/\/nesa.world\/academic\/wp-json\/wp\/v2\/comments?post=3193"}],"wp:featuredmedia":[{"embeddable":true,"href":"https:\/\/nesa.world\/academic\/wp-json\/wp\/v2\/media\/3194"}],"wp:attachment":[{"href":"https:\/\/nesa.world\/academic\/wp-json\/wp\/v2\/media?parent=3193"}],"wp:term":[{"taxonomy":"product_brand","embeddable":true,"href":"https:\/\/nesa.world\/academic\/wp-json\/wp\/v2\/product_brand?post=3193"},{"taxonomy":"product_cat","embeddable":true,"href":"https:\/\/nesa.world\/academic\/wp-json\/wp\/v2\/product_cat?post=3193"},{"taxonomy":"product_tag","embeddable":true,"href":"https:\/\/nesa.world\/academic\/wp-json\/wp\/v2\/product_tag?post=3193"},{"taxonomy":"etiquetas-de-eventos","embeddable":true,"href":"https:\/\/nesa.world\/academic\/wp-json\/wp\/v2\/etiquetas-de-eventos?post=3193"},{"taxonomy":"categorias-de-eventos","embeddable":true,"href":"https:\/\/nesa.world\/academic\/wp-json\/wp\/v2\/categorias-de-eventos?post=3193"}],"curies":[{"name":"wp","href":"https:\/\/api.w.org\/{rel}","templated":true}]}}

Formación introductoria para profesionales sanitarios en Neuromodulación No Invasiva NESA &#8211; Valencia

María González Bueso

Fisioterapeuta y Osteópata. Msc Suelo Pélvico. Msc en Neurociencia. Directora Clínica Adjunta.

España

Vicente Sebastián
