{"id":3192,"date":"2026-04-20T15:17:37","date_gmt":"2026-04-20T13:17:37","guid":{"rendered":"https:\/\/nesa.world\/academic\/?post_type=product&#038;p=3192"},"modified":"2026-04-22T12:00:36","modified_gmt":"2026-04-22T10:00:36","slug":"formacion-introductoria-para-profesionales-sanitarios-en-neuromodulacion-no-invasiva-nesa-malaga","status":"publish","type":"product","link":"https:\/\/nesa.world\/academic\/formaciones\/formacion-introductoria-para-profesionales-sanitarios-en-neuromodulacion-no-invasiva-nesa-malaga\/","title":{"rendered":"Formaci\u00f3n introductoria para profesionales sanitarios en Neuromodulaci\u00f3n No Invasiva NESA &#8211; M\u00e1laga"},"content":{"rendered":"","protected":false},"excerpt":{"rendered":"","protected":false},"featured_media":2944,"comment_status":"open","ping_status":"closed","template":"","meta":{"formato":"Formaciones","estado":"Plazas Disponibles","ponentes":{"item-0":{"nombre_del_ponente":"Jos\u00e9 Roca","imagen_del_ponente":"https:\/\/nesa.world\/academic\/wp-content\/uploads\/JOSE-ROCA-REDONDO.png","cargo_del_ponente":"Oste\u00f3pata y Experto en Neuromodulaci\u00f3n No Invasiva NESA."}},"miniatura_para_calendario":"https:\/\/nesa.world\/academic\/wp-content\/uploads\/jose-roca_cuadrada_academic.jpg","link_a_la_inscripcion":"https:\/\/forms.office.com\/pages\/responsepage.aspx?id=ZmRuhjGY4kuzaLFuhFJvtWWYkAp7CWFMjceEVMg_TA9UMFI4RDNIOUZQVFpNS1ExRVVIU08xMFYwSy4u&amp;route=shorturl","objetivos":"<p>[elementor-template id=\"2568\"]<\/p>\n","descripcion":"<p>[elementor-template id=\"2570\"]<\/p>\n","fecha_inicio":1779408000,"fecha_fin":1779408000,"hora_inicio":"15:00","hora_fin":"19:00","pais":"Espa\u00f1a","ciudad":"M\u00e1laga","recinto":"HOTEL SALLES MALAGA CENTRO","direccion":"SAL\u00d3N MALAGUETA: M\u00e1rmoles 6, 29007 M\u00e1laga","mes_del_evento":"Mayo","svg_idioma":"https:\/\/nesa.world\/academic\/wp-content\/uploads\/Espana-1.svg","persona_de_contacto":{"item-0":{"nombre":"Javier Alc\u00e1ntara","direccion_de_correo":"<a class=\"mailponencia\" href=\"mailto:javier.alcantara@nesaworld.es\">   javier.alcantara@nesaworld.es <\/a>","telefono":"+34 682 332 329"}}},"product_brand":[],"product_cat":[60],"product_tag":[],"etiquetas-de-eventos":[44,61,25],"categorias-de-eventos":[22],"class_list":{"0":"post-3192","1":"product","2":"type-product","3":"status-publish","4":"has-post-thumbnail","6":"product_cat-sin-categorizar","7":"etiquetas-de-eventos-4-horas","8":"etiquetas-de-eventos-gratuito","9":"etiquetas-de-eventos-para-profesionales-sanitarios","10":"categorias-de-eventos-formacion-presencial","12":"first","13":"instock","14":"downloadable","15":"virtual","16":"product-type-simple"},"_links":{"self":[{"href":"https:\/\/nesa.world\/academic\/wp-json\/wp\/v2\/product\/3192","targetHints":{"allow":["GET"]}}],"collection":[{"href":"https:\/\/nesa.world\/academic\/wp-json\/wp\/v2\/product"}],"about":[{"href":"https:\/\/nesa.world\/academic\/wp-json\/wp\/v2\/types\/product"}],"replies":[{"embeddable":true,"href":"https:\/\/nesa.world\/academic\/wp-json\/wp\/v2\/comments?post=3192"}],"wp:featuredmedia":[{"embeddable":true,"href":"https:\/\/nesa.world\/academic\/wp-json\/wp\/v2\/media\/2944"}],"wp:attachment":[{"href":"https:\/\/nesa.world\/academic\/wp-json\/wp\/v2\/media?parent=3192"}],"wp:term":[{"taxonomy":"product_brand","embeddable":true,"href":"https:\/\/nesa.world\/academic\/wp-json\/wp\/v2\/product_brand?post=3192"},{"taxonomy":"product_cat","embeddable":true,"href":"https:\/\/nesa.world\/academic\/wp-json\/wp\/v2\/product_cat?post=3192"},{"taxonomy":"product_tag","embeddable":true,"href":"https:\/\/nesa.world\/academic\/wp-json\/wp\/v2\/product_tag?post=3192"},{"taxonomy":"etiquetas-de-eventos","embeddable":true,"href":"https:\/\/nesa.world\/academic\/wp-json\/wp\/v2\/etiquetas-de-eventos?post=3192"},{"taxonomy":"categorias-de-eventos","embeddable":true,"href":"https:\/\/nesa.world\/academic\/wp-json\/wp\/v2\/categorias-de-eventos?post=3192"}],"curies":[{"name":"wp","href":"https:\/\/api.w.org\/{rel}","templated":true}]}}

Formación introductoria para profesionales sanitarios en Neuromodulación No Invasiva NESA &#8211; Málaga

José Roca

Osteópata y Experto en Neuromodulación No Invasiva NESA.

España

Málaga

SALÓN MALAGUETA: Mármoles 6, 29007 Málaga

Javier Alcántara
