{"id":3166,"date":"2026-04-14T12:59:49","date_gmt":"2026-04-14T10:59:49","guid":{"rendered":"https:\/\/nesa.world\/academic\/?post_type=product&#038;p=3166"},"modified":"2026-04-22T12:26:56","modified_gmt":"2026-04-22T10:26:56","slug":"webinar-autismo-calidad-de-vida-espana","status":"publish","type":"product","link":"https:\/\/nesa.world\/academic\/formaciones\/webinar-autismo-calidad-de-vida-espana\/","title":{"rendered":"Webinar sobre Autismo y calidad de vida: una nueva forma de abordar el bienestar &#8211; Espa\u00f1a"},"content":{"rendered":"","protected":false},"excerpt":{"rendered":"","protected":false},"featured_media":3168,"comment_status":"open","ping_status":"closed","template":"","meta":{"formato":"Webinars","estado":"Plazas Disponibles","ponentes":{"item-0":{"nombre_del_ponente":"Isabel Mart\u00edn","imagen_del_ponente":"https:\/\/nesa.world\/academic\/wp-content\/uploads\/isabel.png","cargo_del_ponente":"Logopeda y Experta en Neuromodulaci\u00f3n No Invasiva NESA."},"item-1":{"nombre_del_ponente":"Rosa Sim\u00f3n P\u00e9rez","imagen_del_ponente":"https:\/\/nesa.world\/academic\/wp-content\/uploads\/rosita.png","cargo_del_ponente":"Fundadora y Presidenta de DIVERTEA. Especialista en atenci\u00f3n temprana."}},"miniatura_para_calendario":"https:\/\/nesa.world\/academic\/wp-content\/uploads\/cuadrada_academic_rosa.jpg","link_a_la_inscripcion":"","objetivos":"<p>[elementor-template id=\"2566\"]<\/p>\n","descripcion":"<p>[elementor-template id=\"2572\"]<\/p>\n","fecha_inicio":1779235200,"fecha_fin":1779235200,"hora_inicio":"18:00","hora_fin":"19:00","pais":"Online","ciudad":"Espa\u00f1a","recinto":"","direccion":"","mes_del_evento":"Mayo","svg_idioma":"https:\/\/nesa.world\/academic\/wp-content\/uploads\/Espana-1.svg","persona_de_contacto":{"item-0":{"nombre":"Atenci\u00f3n al Cliente","direccion_de_correo":"<a class=\"mailponencia\" href=\"at@nesaworld.es\">   at@nesaworld.es <\/a>","telefono":"+34 943 44 35 45"}}},"product_brand":[],"product_cat":[60],"product_tag":[],"etiquetas-de-eventos":[44,61,25],"categorias-de-eventos":[20],"class_list":{"0":"post-3166","1":"product","2":"type-product","3":"status-publish","4":"has-post-thumbnail","6":"product_cat-sin-categorizar","7":"etiquetas-de-eventos-4-horas","8":"etiquetas-de-eventos-gratuito","9":"etiquetas-de-eventos-para-profesionales-sanitarios","10":"categorias-de-eventos-webinar","12":"first","13":"instock","14":"downloadable","15":"virtual","16":"product-type-simple"},"_links":{"self":[{"href":"https:\/\/nesa.world\/academic\/wp-json\/wp\/v2\/product\/3166","targetHints":{"allow":["GET"]}}],"collection":[{"href":"https:\/\/nesa.world\/academic\/wp-json\/wp\/v2\/product"}],"about":[{"href":"https:\/\/nesa.world\/academic\/wp-json\/wp\/v2\/types\/product"}],"replies":[{"embeddable":true,"href":"https:\/\/nesa.world\/academic\/wp-json\/wp\/v2\/comments?post=3166"}],"wp:featuredmedia":[{"embeddable":true,"href":"https:\/\/nesa.world\/academic\/wp-json\/wp\/v2\/media\/3168"}],"wp:attachment":[{"href":"https:\/\/nesa.world\/academic\/wp-json\/wp\/v2\/media?parent=3166"}],"wp:term":[{"taxonomy":"product_brand","embeddable":true,"href":"https:\/\/nesa.world\/academic\/wp-json\/wp\/v2\/product_brand?post=3166"},{"taxonomy":"product_cat","embeddable":true,"href":"https:\/\/nesa.world\/academic\/wp-json\/wp\/v2\/product_cat?post=3166"},{"taxonomy":"product_tag","embeddable":true,"href":"https:\/\/nesa.world\/academic\/wp-json\/wp\/v2\/product_tag?post=3166"},{"taxonomy":"etiquetas-de-eventos","embeddable":true,"href":"https:\/\/nesa.world\/academic\/wp-json\/wp\/v2\/etiquetas-de-eventos?post=3166"},{"taxonomy":"categorias-de-eventos","embeddable":true,"href":"https:\/\/nesa.world\/academic\/wp-json\/wp\/v2\/categorias-de-eventos?post=3166"}],"curies":[{"name":"wp","href":"https:\/\/api.w.org\/{rel}","templated":true}]}}

Webinar sobre Autismo y calidad de vida: una nueva forma de abordar el bienestar &#8211; España

Isabel Martín

Logopeda y Experta en Neuromodulación No Invasiva NESA.

Rosa Simón Pérez

Fundadora y Presidenta de DIVERTEA. Especialista en atención temprana.

España

Atención al Cliente
